83. Let h(u) = -10 - 3*u - 7*u - 4*u**2 + 5*u**2 - c. What is h(10)?
-12
Suppose -4*k = -5*k + 4*r + 50, 2*r + 44 = k. Let n(y) = -8 - 41*y - k*y + 76*y. Calculate n(-5).
7
Let t(p) = 141*p - 562. Suppose 176*d = -921*d + 261*d + 3344. Give t(d).
2
Let n(d) = 14*d**2 + 3*d + 16. Let t(b) = -18*b**2 - 3*b - 18. Let y(c) = -10*n(c) - 9*t(c). Calculate y(1).
21
Let c(s) = -4*s**2 + 16*s + 14. Let d be (-14)/18 - (2/(-11) + (-1080)/(-2673)). Calculate c(d).
-6
Let s(u) = u**2 - 5. Let k(t) = -t**2 + t + 5. Let v(w) = -5*k(w) - 6*s(w). Let l = -6140 + 6135. What is v(l)?
5
Suppose 2*u = -u - 5*q + 50, -5*q - 10 = -u. Suppose 3*g + 3 = -s - u, 3*s + 42 = -3*g. Let z(v) = v**2 + 12*v - 4. What is z(s)?
-4
Suppose 0 = -5*q + 3*m + 11, 2*q + 5*m = -101 + 124. Suppose -3*g = 2*g - 10. Let y be (q - 2) + -7 + g. Let f(b) = b**2 + 3*b + 4. Give f(y).
4
Let z be (-24)/8*8/6. Let o(n) be the second derivative of -1/12*n**4 - n**2 + 0 + 17*n - 5/6*n**3. Determine o(z).
2
Let q(f) = -6 - 8 + 0 - 3*f. Suppose z - 6*u = -48, 3*z + 32 = 425*u - 423*u. Calculate q(z).
4
Let o(l) = l**2 + 2*l + 1. Let h be o(-3). Let s(d) = 0*d + 88 - 2*d - 86 - d**2. Let c(v) = -v**2 - v + 1. Let n(z) = 3*c(z) - 2*s(z). Determine n(h).
-13
Let p(v) = -6*v + 34. Let k be p(6). Let d be k/(-8) - 351/108. Let i(z) = z**2 + z. Calculate i(d).
6
Let l(g) = 12*g**3 - 10*g**2 + 9*g + 1. Let y(t) = -7*t**3 + 5*t**2 - 6*t - 1. Let n(u) = -3*l(u) - 5*y(u). Give n(4).
30
Let o be -1*(2/2 + 1). Let f be 12 - 13 - (-3 + 0). Let n(b) = f + 211*b + 0 + 1 - 208*b. Determine n(o).
-3
Let g(i) = -i**3 - 7*i**2 - 3*i + 4. Suppose 0 = -z + 11. Suppose 43 = -2*b + 5*s + z, 14 = -3*b - s. Give g(b).
-14
Let n(z) = 2 + 0 - 4*z + 3257*z**2 - 3258*z**2. What is n(-3)?
5
Let d(x) = x**2 + 9*x. Let l(s) = 24*s + 535 - 356 - 272 + s**2 + s. Let w be l(-28). What is d(w)?
0
Suppose 2*p + 10 = 2*g, 3*p = 49*g - 51*g + 15. Let x(l) = 38*l**2 + 2*l - 2. What is x(p)?
38
Let j(m) = m - 17. Let i be j(21). Let d(u) = 2503*u**2 - 9*u + 6 - 1247*u**2 - 1255*u**2. Determine d(i).
-14
Let a(v) = -37*v - 4. Let u be a(-2). Let g = -72 + u. Let t(r) be the second derivative of r**5/20 + r**4/6 - r**3/2 - r**2/2 + 11*r. Determine t(g).
5
Let v = -210 - -29. Let i = v + 194. Let y(d) = d**3 - 12*d**2 - 13*d + 4. Give y(i).
4
Let i(l) = -9*l**3 + 1. Let k(a) = -10*a**3 + 11*a**2 + 12*a - 10. Let z(d) = -i(d) + k(d). Determine z(11).
121
Suppose -2*z - m - 417 = -426, 4*z - 27 = -3*m. Let s(n) be the second derivative of -11*n + 7/2*n**2 + z - 1/6*n**3. Give s(6).
1
Let n(x) = x**2 + 8*x - 15. Let i = -500 - -384. Let z = i + 107. Determine n(z).
-6
Let r(c) = 0*c + 5 - 180281*c**2 + 6*c + 180282*c**2. Determine r(6).
77
Suppose 0 = 2*c + 12. Let a = c + 10. Let b(g) be the first derivative of -g**3/3 + 5*g**2/2 - 4*g + 152. Determine b(a).
0
Suppose -5*h + 3*d = -102, -5*h = -3*h + 5*d - 16. Let l(p) = 31 - h + 8*p - 24. Let v(y) = -17*y + 23. Let g(m) = 13*l(m) + 6*v(m). What is g(5)?
5
Let k(g) = -7*g**3 + 14*g**2 - 6*g - 4. Let t(a) = 2*a**3 - 6*a. Let u(m) = k(m) + 3*t(m). Determine u(12).
-4
Suppose -6*t = -18*t + 27*t - 60. Let d(s) = -s**3 + s**2 + 7*s - 13. Determine d(t).
-33
Let b(r) = -r**2 - 3*r - 2. Suppose -v - 36*q = -41*q + 32, 41 = -3*v + 4*q. Calculate b(v).
-30
Suppose 33*c + 26*c - 26 = 46*c. Let n(x) = -7*x**2 + 9*x + 5. Let v(u) = 2*u**2 - 2*u - 1. Let l(h) = 2*n(h) + 9*v(h). Give l(c).
17
Let i(w) = 3*w**2 + 13*w - 340. Let k be i(-13). Suppose 35 = -d + 6*d. Let o(r) = -13*r - 3. Let a(x) = 7*x + 2. Let f(t) = d*a(t) + 4*o(t). Give f(k).
8
Let n(f) = f**2 + 4*f + 2. Suppose 10*i = -23*i - 33. Let k be (i/(15/(-9)))/(2/(-10)). Calculate n(k).
-1
Let c(b) be the third derivative of 0 + 17/6*b**3 - 7/24*b**4 - 1/360*b**6 - 2*b**2 + 0*b - 1/12*b**5. Let w(t) be the first derivative of c(t). Give w(-6).
17
Let k be (-2)/7 - (-102)/14. Suppose 191 = -11*f + 213. Let z(w) = -2*w**2 - 6*w + 2*w**2 + 6*w**2 + 3 - f*w**2 - 3*w**2. Calculate z(k).
10
Let w = -100 + 160. Let z be (w/(-21))/(4/14). Let y(o) = 2*o + 13. Calculate y(z).
-7
Let g(w) = 6*w**2 + 17*w - 9*w**2 - 9*w - 9 - 5*w**2 + 7*w**2. Suppose -6 = -i - 4*p + 2*p, 37 = 4*i - 5*p. Determine g(i).
-9
Let y(i) be the third derivative of i**6/120 + 7*i**5/30 - 19*i**4/24 - 10*i**3 - i**2 - 492*i. Calculate y(-15).
0
Suppose -7*r + 2*r + 30 = 0. Let k(l) = 2226*l - 1192*l - 13 - 1032*l. What is k(r)?
-1
Let v(p) = 3*p - 12*p - p - 7 + 1209*p**2 - 1211*p**2. Let c(r) = -12*r + 68. Let n be c(6). Give v(n).
1
Let l(r) be the second derivative of -r**5/20 + 2*r**4/3 - 5*r**3/3 + 2*r**2 - 57939*r - 2. Suppose -3*h + 9 = 3*g, 3*h - 11 = -g + 4*h. What is l(g)?
-17
Let t(g) = -6*g**2 - 8*g + 31. Suppose 453 = 204*y - 513 - 54. What is t(y)?
-159
Let w(f) be the second derivative of f**5/2 - f**4/12 - f**3/6 - 3*f. Let j be (1/(-12))/((-9)/(-108)). Calculate w(j).
-10
Let w(l) = -l**3 - l**2 + 90*l + 7. Let i be w(-10). Let g(n) = 10*n - 54. What is g(i)?
16
Let g(f) = -f**3 - 7*f**2 - 9*f + 2. Let x = 2431 + -2437. Determine g(x).
20
Let h(r) = -5*r - 26. Let k be h(-8). Suppose 5*c + 5 = 0, 11*w = k*w + 2*c + 29. Let a(n) = -2*n - 11. Determine a(w).
7
Suppose -4*d + 4*y - 20 = 0, 29*d - 33*d - 34 = 3*y. Let w(u) = u**2 - 15*u - 159. Calculate w(d).
-5
Let g(p) = -p**2 + 7*p + 4. Let j(c) = c**2 - 9*c - 5. Let m(k) = -5*g(k) - 4*j(k). Let u(w) = 2*w**2 + w - 1. Let o(n) = 5*m(n) - 3*u(n). Give o(0).
3
Suppose -p + 2*q = -43, -14*q + 11*q = p - 23. Let s(g) = -26*g**2 - p*g**2 - 26*g**2 + 2*g**3 + 86*g**2. Give s(-1).
-3
Let g(c) = 31*c + 18*c - 55 + 16*c - 74*c. What is g(-5)?
-10
Let v = -175 + 57. Let c = v - -121. Let y(p) = 2 + 165*p + 7*p**2 - 172*p + 2*p**c - p**3. Determine y(-8).
-6
Let j(x) = -1 - 28*x + 44*x - 24*x. Let u(h) = h**3 - 3*h**2 - 7*h. Let o be u(5). Suppose 0 = -f - 5*g - 24, -7*f + 2*f + o = -2*g. Calculate j(f).
-9
Let i = -29912 + 29906. Let b(q) = q**3 + q**2 - 3*q + 18. Calculate b(i).
-144
Let y(x) be the second derivative of 41*x**3/6 - 297*x**2/2 - 5283*x. What is y(7)?
-10
Let q(r) be the second derivative of r**5/20 - 5*r**4/3 + 11*r**3/3 - 3*r**2 + 2*r - 917. What is q(19)?
51
Let n(u) be the first derivative of -u**3/3 + 5*u**2 + 26*u - 60. Let r be n(11). Let q(i) = -i + 29. What is q(r)?
14
Let v(a) be the first derivative of a**4/4 + 8*a**3/3 + 11*a**2/2 + 17*a + 2467. What is v(-6)?
23
Let p(o) = 141*o - 297*o + 144*o + 1. Calculate p(-4).
49
Let f(d) = -650*d + 3. Let q(s) = -539*s + 3. Let g(t) = -5*f(t) + 6*q(t). Calculate g(3).
51
Let u be -2 - 4*(-21)/6. Suppose s - u = -6*n + 2*n, -3 = -3*n. Let y(g) = g + 13 - 7 - s. Determine y(-2).
-4
Suppose -8*v + 4*v - 17 = i, 0 = -3*i + 5*v + 34. Suppose -675 = -i*a - 663. Let d(w) = 5*w + 5. Give d(a).
25
Let o(k) = -6*k + 2*k**2 + k + 5*k + 0*k - 3. Calculate o(2).
5
Let k(q) = -28*q + 4960*q**2 - 2484*q**2 - 2504*q**2 - q**3 - 36. Calculate k(-27).
-9
Let z(t) = 3 + 1 + t**2 - 18*t + 1 + 9*t. Suppose 0 = -5*k + 3*h - 27, 4*h = -4*k + 8*k + 20. Let i(y) = -y**2 - 7*y + 2. Let r be i(k). Determine z(r).
-3
Let v(d) be the first derivative of -d**4/6 - 5*d**3/3 + 56*d**2 + d - 206. Let a(m) be the second derivative of v(m). Determine a(-3).
2
Suppose 8*a - 3*a - 21 = 2*j, 0 = -3*a + 4*j + 7. Let d(o) = 50*o**3 + 4*o + 45*o**3 - 147*o**3 + 53*o**3 + 12 - 6*o**2. Give d(a).
7
Let v be 3 + -3 - (0 - 2). Let z(s) = s - 5*s**2 + s**v + 0*s. Suppose -14*a + 10*a + 2 = 2*k, 2*a + 5 = k. Calculate z(a).
-5
Let b(o) = -3*o - 1. Let j be b(-2). Suppose 0 = -25*z + 52*z - 81. Suppose 2*t + j*t = z*t. Let n(u) = -u + 14. What is n(t)?
14
Let r(z) be the first derivative of -2*z**3/3 + 69*z**2/2 - 37*z + 1800. Give r(34).
-3
Let k(l) = 4 - l + 3 - 13 - 2. Let q(h) = -h - 6. Let j(p) = -3*k(p) + 2*q(p). What is j(-6)?
6
Let v(u) = 26*u - 8*u**2 + u**2 - 10*u**2 - 4 + 3*u**2 + u**3. Give v(12).
20
Let q(r) = -r + 9. Let i = -33 - -38. Suppose 2*m - 1 = 7, i*m = 4*a + 8. Suppose -a*x + x + 12 = 0. Determine q(x).
3
Let d(c) be the third derivative of -c**5/60 - c**4/4 - 7*c**3/6 - 268*c**2 + 5. What is d(-6)?
-7
Let v = -4381 + 4381. Let p(q) = -q**2 - 3*q + 8. What is p(v)?
8
Let z(w) = w**2 + 5*w - 2. Let v be (4 - -3)*(-18)/21. Let k be z(v). Let l(x) be the first derivative of -x